p. Suppose 3*m = 4*m - p. Suppose c = -4*g + 123, g - 4*c - m = -c. What is the units digit of g?
1
Let k = -3 + -17. Let o = 26 + k. Suppose o*c - 3*c = 162. What is the tens digit of c?
5
Let v = 290 + 295. What is the units digit of v?
5
Let d(v) = -v - 3. Let i be d(-6). Suppose 3*c = -z + 38, 4*z - 156 = -i*c - 4. Suppose 2*r + 0*r = z. What is the tens digit of r?
1
Let o = 42 - 41. Let i(p) = 5*p - 2 - 3*p + 3*p + p. What is the units digit of i(o)?
4
Let w(x) = -57*x**2 - 2 + 63*x**2 + 0*x**3 - 2*x + x**3. What is the tens digit of w(-5)?
3
Suppose 0 = -3*r + 4217 - 182. What is the hundreds digit of r?
3
Let h(g) = 2*g**2 - 22*g + 31. What is the units digit of h(19)?
5
Suppose 0 = -6*o + 4*o. Suppose 110 = 2*v + 4*m - o*m, 0 = 5*v + m - 239. What is the units digit of v?
7
Let x(i) = -i**3 + 33*i**2 + 73*i - 20. Let f be x(35). Let s = -22 - -69. Let w = f - s. What is the units digit of w?
8
Let n be -4 + ((-89)/(-1) - 0). Suppose 6*p - 251 = n. What is the units digit of p?
6
Suppose -2*m - 12608 = -5*m - v, -25240 = -6*m + 4*v. What is the thousands digit of m?
4
Let d(b) = -b**3 - 2*b**2 + 6*b + 2. Let z = -18 + 14. Let v be d(z). What is the tens digit of 145/7 - v/(-35)?
2
Suppose -4*u - 47 = -67. Let c(v) = v**3 - 2*v + 1. What is the hundreds digit of c(u)?
1
Let o(w) = -3*w + 2. Let z(v) = -7*v + 3. Let i(k) = -9*o(k) + 4*z(k). Let b be i(-10). Let u(x) = x**3 - x**2 + 3*x - 2. What is the units digit of u(b)?
8
Let y = 7848 - 3142. What is the units digit of y?
6
Let y = 17 + -17. Suppose y*t + 6*t = 666. What is the units digit of t?
1
Let q(o) = o - 12. Let v(c) = -c**3 + 8*c**2 - 5*c - 5. Let g be v(7). Let d be q(g). What is the units digit of (53 + -1)*d/(-4)?
9
Suppose -6*t = -1195 + 487. Suppose t = 3*s - f, 0 = -s + 3*s + 4*f - 102. What is the tens digit of s?
4
Let d be -15 + (1 + -2 - 0). Let h = -9 - d. Suppose -60 = -h*v + 5*v. What is the tens digit of v?
3
What is the units digit of ((-2)/14 - 0) + 37740/70?
9
Let m = 0 + 5. Let z be 2/(-10) - (-31)/m. What is the units digit of z/(-27) - (-260)/36?
7
Let d(y) be the second derivative of -17*y**3/6 + 63*y**2/2 + 17*y. What is the units digit of d(-9)?
6
Let l(b) = b**3 + 9*b**2 + 8*b + 4. Let u be l(-8). Let j be (2 - 2)*(-2)/u. Suppose -3*k + 30 = -3*w + 78, j = -3*w + 4*k + 50. What is the tens digit of w?
1
Let a(t) be the second derivative of -t**3/6 - 11*t**2/2 + 8*t. Let y be a(-11). Suppose y = -m - 3*m + 24. What is the units digit of m?
6
Suppose 35313 = 58*p - 175517. What is the thousands digit of p?
3
Let t = -14 + 15. Let p be ((-73)/t)/(-1) - 3. Let f = p - 37. What is the units digit of f?
3
Let d be ((-100)/(-30))/((-2)/(-3)). Let y be (-1 - d/(-5)) + 2. What is the units digit of (37 + 2 + y)/1?
1
Let i be (-12)/9 - (-292)/12. Suppose -5*w = 3*b - 63, 4*w - 5*b - i - 20 = 0. What is the units digit of 6/9 - (-340)/w?
9
Suppose 3*w + 5*p = 3722, 3*p - 45 - 2437 = -2*w. What is the hundreds digit of w?
2
Let r = -30 + 24. What is the tens digit of 62 + (-7 - (r - -2))?
5
Suppose 1086 + 1182 = 18*o. What is the tens digit of o?
2
Let w = -55 + 71. Suppose -2*v + 237 = -5*y, -3*y + 340 = 3*v + w. What is the hundreds digit of v?
1
Let i = 3875 - 2021. What is the hundreds digit of i?
8
Suppose -2*g = -g - 5. Suppose -6 = -2*z + g*b + 9, 4*b = z - 12. Suppose z = 4*v - 61 + 5. What is the units digit of v?
4
Suppose -29*z + 36428 = 9777. What is the tens digit of z?
1
Let h = -178 + 354. Suppose 5*s = 3*c + h, s - 142 = -3*s + 3*c. What is the tens digit of s?
3
What is the units digit of -5 + (-10)/3*(-4245)/25?
1
What is the units digit of ((48600/6)/6)/2?
5
Let x be (-707)/28 + (-2)/(-8). Let w(h) = -h**3 - 11*h**2 - 8*h + 14. Let q be w(-10). Let s = q - x. What is the units digit of s?
9
Let a be -4*(1 - (6 + 2)). Let h = a - 14. Suppose 2*o + 2*d - h = 0, -o + 30 = o - 2*d. What is the tens digit of o?
1
Let c = 83 - 77. Suppose 2208 = 6*h + c*h. What is the tens digit of h?
8
Let r(d) = 2*d**3 - 50*d**2 + 13*d + 56. What is the thousands digit of r(28)?
5
Let h(w) = -w**3 + 7*w**2 + w - 3. Let j be h(7). What is the units digit of j/((-3)/(-14 + -1))?
0
Let u(p) = p - 1. Let q(x) = -3*x + 36. Let f(g) = q(g) + 4*u(g). What is the tens digit of f(-6)?
2
Let x = 1808 - 721. What is the hundreds digit of x?
0
Let c(r) = r + 1. Let a(y) = 21*y + 19. Let s(f) = 14*f + 13. Let z(x) = 5*a(x) - 7*s(x). Let i(w) = -18*c(w) + 2*z(w). What is the tens digit of i(-9)?
2
Let n(x) = 1990*x**3 - 1. What is the tens digit of n(1)?
8
Suppose q + q - x - 9 = 0, -2*q + 19 = x. Let l = 3 - -24. Let c = l - q. What is the units digit of c?
0
Suppose -7*g - 4 = -9*g. Suppose -y + 97 = -g*c, -y - 93 = -2*y + 3*c. What is the units digit of y?
5
What is the hundreds digit of (-6)/39 - (-578390)/130?
4
Let y(s) = 26*s - 140. Let f be y(10). Suppose -220 = -4*c + 2*w, 4*w + 18 + 157 = 3*c. Let a = f - c. What is the tens digit of a?
6
Let d(c) = c**2 + 10*c + 11. What is the hundreds digit of d(19)?
5
Suppose -27*w = -42840 - 5949. What is the tens digit of w?
0
Suppose 5*f = 9*a - 14*a + 1080, 3*f = -4*a + 860. What is the hundreds digit of a?
2
Let y(j) = -126*j**3 - 4*j**2 - 6*j - 4. What is the thousands digit of y(-2)?
1
What is the hundreds digit of ((-2865)/(-4) + 0)*144/54?
9
Let l = -61 + 90. Let k = 15 - l. Let c = k + 17. What is the units digit of c?
3
Let t = -7 + 8. Let l be (1/(t/6))/2. Suppose -177 = -5*u - k, -4*u + l*k = -113 - 21. What is the tens digit of u?
3
Suppose b = 7*b - 2256. What is the hundreds digit of b?
3
Suppose -21*o + 19*o + 8 = 0. Suppose -t - o*f = -143, -3*t = -0*t - 4*f - 365. What is the tens digit of t?
2
Let a(q) = q**3 - 10*q**2 - 10*q - 8. Let o be a(11). Let s(j) = j - 1. Let h be s(o). Suppose 5*n - 175 = h*l, n = 2*l + 30 - 3. What is the units digit of n?
7
Suppose 447 = 3*i + 3*s, 3*i + i - 608 = 2*s. Suppose -3*c - 191 - i = -5*z, -3*z + 5*c = -218. What is the units digit of z?
6
Suppose -d + 7223 = -5*r + 19144, -5*d = 5*r - 11945. What is the thousands digit of r?
2
Let p be 20/(-90) + (-47)/(-9). Let y be (-4)/p*(-105)/6. Let d = y + 5. What is the tens digit of d?
1
Suppose 0*q = 2*q + 8, 4*v = -3*q + 1668. What is the hundreds digit of v?
4
Let c(h) = 2*h**3 - 5*h**2 + 3*h - 8. Let k(v) = v + 7. Let m be k(-5). Suppose 0 = -3*y + 4*l + 12, l - 4 = m*y - 3*y. What is the tens digit of c(y)?
5
Let x be (-1 - (-25)/10)*2. Suppose x*q - 4*o = -q + 124, -o = -3. What is the units digit of q?
4
Suppose -3*f - 2*t + 414 = -1452, -3*f + 5*t + 1887 = 0. What is the tens digit of f?
2
Suppose -2*z - z + 114 = 3*a, 33 = a + 2*z. Suppose a = -3*j + 7*j + 5*y, -5*j = 5*y - 55. What is the units digit of j?
2
Let n = -145 + 152. Suppose n*l - 283 - 1299 = 0. What is the units digit of l?
6
Let s(w) = -5*w - 10. Let b be s(-3). Suppose -k - 2*t + 10 = 0, 3*k = 2*k + 3*t + 35. Suppose b*v - v = k. What is the units digit of v?
5
Let d(m) = -m**2 - 23*m - 10. What is the tens digit of d(-15)?
1
Let d = -1111 - -2369. What is the thousands digit of d?
1
Let w = -17 - -47. What is the tens digit of w?
3
Suppose -4*x = x - 1240. What is the tens digit of (26/8 - 3)/(2/x)?
3
Let l(t) = -149*t + 8. Let s(x) = 99*x - 5. Let g(u) = 5*l(u) + 7*s(u). What is the units digit of g(-2)?
9
What is the units digit of (-762)/(-1) + (5 - 12)?
5
Let f(g) = -4*g**3 + 3*g**2 + 5*g - 20. What is the hundreds digit of f(-6)?
9
Let j = -6928 + 10736. What is the units digit of j?
8
Let x(f) = -19*f**3 - 2*f**2 - 18*f - 99. What is the tens digit of x(-5)?
1
Let f(v) be the second derivative of -9*v**3/2 - 11*v**2/2 + 28*v. What is the units digit of f(-7)?
8
Let f be 15/(-35) - (-2)/(14/2075). Suppose 0 = 4*k - f - 112. What is the units digit of k?
2
Suppose 2*u = 6*u - 600. Suppose -4*a - u = a. Let q = -19 - a. What is the units digit of q?
1
Let k(z) = -z**3 - 22*z**2 - 38*z + 43. Let p be k(-20). What is the tens digit of 129/(4/((-8)/p)*-1)?
8
Suppose 40*t - 276 = 34*t. Suppose 3*b - 194 = t. What is the tens digit of b?
8
Suppose 0 = y - 7*y + 18. What is the units digit of (-66)/(-4) - (y - 35/10)?
7
Let h(u) = -13*u - 35. Let s be -1 + 1 - (15 + -5). What is the units digit of h(s)?
5
Suppose 38*f = 39*f. What is the units digit of 10